t -2 (base 13) to base 7.
-2
0 (base 15) to base 13
0
11 (base 2) to base 10
3
Convert 1c (base 14) to base 12.
22
Convert -33 (base 15) to base 4.
-300
-1104 (base 5) to base 8
-232
-171 (base 9) to base 4
-2101
Convert -10 (base 15) to base 2.
-1111
1 (base 7) to base 16
1
What is 3 (base 15) in base 3?
10
Convert 210 (base 3) to base 11.
1a
What is -39 (base 11) in base 2?
-101010
40 (base 6) to base 14
1a
What is -3 (base 10) in base 6?
-3
7 (base 12) to base 5
12
Convert 300 (base 5) to base 2.
1001011
Convert -3 (base 15) to base 8.
-3
What is a (base 12) in base 15?
a
What is -136 (base 8) in base 9?
-114
Convert 2 (base 6) to base 11.
2
What is 58 (base 14) in base 2?
1001110
What is -1 (base 6) in base 10?
-1
Convert 15 (base 15) to base 16.
14
Convert -431 (base 5) to base 14.
-84
What is -5 (base 16) in base 3?
-12
-13 (base 7) to base 4
-22
Convert -2 (base 5) to base 15.
-2
What is -18 (base 13) in base 3?
-210
Convert 102 (base 3) to base 8.
13
What is -10 (base 4) in base 2?
-100
What is 9 (base 15) in base 9?
10
132 (base 4) to base 12
26
Convert -1 (base 3) to base 12.
-1
What is -185 (base 10) in base 13?
-113
Convert -18 (base 14) to base 13.
-19
What is -4 (base 8) in base 13?
-4
What is -1010 (base 3) in base 8?
-36
-2 (base 12) to base 7
-2
11b (base 16) to base 4
10123
What is -11 (base 2) in base 10?
-3
What is -2 (base 10) in base 2?
-10
-2 (base 3) to base 14
-2
Convert 8 (base 10) to base 3.
22
Convert -8 (base 11) to base 14.
-8
Convert -344 (base 5) to base 10.
-99
Convert 11 (base 4) to base 9.
5
-23 (base 14) to base 6
-51
What is 7 (base 12) in base 13?
7
2 (base 15) to base 12
2
What is 212 (base 12) in base 14?
178
What is -4 (base 16) in base 13?
-4
What is -66 (base 11) in base 9?
-80
Convert -1 (base 5) to base 4.
-1
Convert -13 (base 14) to base 3.
-122
3 (base 14) to base 3
10
-9 (base 14) to base 6
-13
Convert -3 (base 6) to base 16.
-3
What is 4 (base 13) in base 11?
4
22 (base 3) to base 13
8
-12 (base 9) to base 12
-b
13 (base 13) to base 9
17
What is -2 (base 15) in base 3?
-2
Convert -64 (base 7) to base 4.
-232
-1 (base 14) to base 11
-1
12 (base 3) to base 15
5
-2 (base 7) to base 2
-10
22 (base 12) to base 3
222
What is -2 (base 7) in base 2?
-10
-110 (base 2) to base 5
-11
Convert -31 (base 5) to base 12.
-14
What is 2 (base 10) in base 14?
2
Convert 100001 (base 2) to base 14.
25
Convert 0 (base 10) to base 4.
0
3 (base 6) to base 15
3
What is -144 (base 5) in base 3?
-1211
What is 20100 (base 3) in base 5?
1141
Convert -10 (base 8) to base 9.
-8
-1 (base 7) to base 12
-1
Convert 52 (base 8) to base 14.
30
6c (base 16) to base 10
108
-4 (base 7) to base 10
-4
Convert 1 (base 12) to base 7.
1
24 (base 5) to base 12
12
What is 1001010 (base 2) in base 11?
68
-1313 (base 4) to base 11
-a9
Convert 1233 (base 4) to base 6.
303
Convert -108 (base 16) to base 10.
-264
-15 (base 6) to base 8
-13
Convert 2 (base 5) to base 9.
2
-1012 (base 3) to base 12
-28
Convert -9 (base 10) to base 2.
-1001
What is 1110 (base 2) in base 16?
e
5 (base 15) to base 14
5
Convert 10 (base 13) to base 12.
11
-302 (base 4) to base 12
-42
What is 5 (base 13) in base 3?
12
-122 (base 7) to base 6
-145
6 (base 13) to base 15
6
Convert -3 (base 16) to base 14.
-3
16 (base 16) to base 15
17
What is 10 (base 5) in base 6?
5
-9 (base 11) to base 4
-21
8d (base 16) to base 7
261
Convert 0 (base 11) to base 6.
0
Convert -132 (base 9) to base 11.
-a0
5 (base 6) to base 10
5
-2e (base 15) to base 10
-44
Convert -110 (base 2) to base 5.
-11
-39 (base 16) to base 9
-63
-e (base 16) to base 3
-112
What is 124 (base 13) in base 7?
403
Convert -6 (base 10) to base 5.
-11
Convert 11 (base 8) to base 11.
9
-210 (base 7) to base 11
-96
Convert -2a (base 15) to base 10.
-40
Convert 11 (base 6) to base 3.
21
-10111010 (base 2) to base 14
-d4
What is 14 (base 10) in base 6?
22
What is 210 (base 3) in base 6?
33
-12 (base 5) to base 3
-21
-26 (base 10) to base 13
-20
Convert 0 (base 16) to base 13.
0
-232 (base 4) to base 13
-37
1 (base 6) to base 5
1
Convert a3 (base 15) to base 4.
2121
36 (base 7) to base 8
33
Convert 1413 (base 5) to base 7.
452
Convert 5 (base 6) to base 11.
5
What is 0 (base 7) in base 2?
0
Convert 11111110 (base 2) to base 6.
1102
144 (base 5) to base 14
37
What is 1022 (base 6) in base 12?
172
What is -7 (base 11) in base 12?
-7
Convert -bb (base 16) to base 4.
-2323
-2120 (base 5) to base 9
-346
Convert 1 (base 3) to base 15.
1
What is 0 (base 2) in base 8?
0
1 (base 7) to base 13
1
21 (base 4) to base 6
13
6 (base 15) to base 9
6
What is -13 (base 4) in base 9?
-7
Convert 11 (base 3) to base 8.
4
1 (base 10) to base 4
1
Convert e (base 16) to base 13.
11
What is 111 (base 2) in base 11?
7
Convert -101 (base 4) to base 12.
-15
Convert 14 (base 5) to base 10.
9
16 (base 12) to base 16
12
Convert d (base 14) to base 7.
16
-110 (base 5) to base 13
-24
-10 (base 3) to base 12
-3
Convert 6 (base 8) to base 12.
6
What is 1021 (base 3) in base 12?
2a
1 (base 11) to base 4
1
What is -25 (base 9) in base 8?
-27
232 (base 4) to base 8
56
Convert 14 (base 10) to base 15.
e
2 (base 9) to base 6
2
What is -5 (base 11) in base 9?
-5
-19a (base 15) to base 8
-562
Convert -434 (base 5) to base 4.
-1313
0 (base 10) to base 9
0
Convert 3 (base 5) to base 10.
3
152 (base 13) to base 9
282
What is 11 (base 6) in base 7?
10
-6 (base 7) to base 8
-6
10 (base 2) to base 16
2
-11 (base 12) to base 2
-1101
-2 (base 11) to base 10
-2
What is -a (base 15) in base 6?
-14
-3 (base 13) to base 15
-3
What is 211 (base 3) in base 6?
34
Convert 39 (base 14) to base 6.
123
What is 7 (base 11) in base 4?
13
Convert -2 (base 6) to base 5.
-2
Convert -203 (base 6) to base 16.
-4b
Convert 21 (base 12) to base 14.
1b
Convert 6 (base 7) to base 3.
20
Convert 1131 (base 4) to base 8.
135
What is -5 (base 10) in base 16?
-5
Convert 2 (base 3) to base 7.
2
9 (base 15) to base 6
13
What is -11 (base 5) in base 12?
-6
What is -6 (base 14) in base 10?
-6
What is 351 (base 6) in base 8?
213
106 (base 11) to base 10
127
3 (base 15) to base 9
3
What is 11101 (base 2) in base 11?
27
What is 275 (base 9) in base 3?
22112
What is -4 (base 10) in base 6?
-4
What is 25 (base 9) in base 13?
1a
2 (base 12) to base 4
2
What is -1a (base 11) in base 13?
-18
-30 (base 7) to base 3
-210
Convert 20 (base 5) to base 11.
a
What is -1101000 (base 2) in base 10?
-104
9 (base 16) to base 14
9
What is -35 (base 16) in base 9?
-58
What is -377 (base 8) in base 4?
-3333
What is -8 (base 12) in base 5?
-13
Convert -2312 (base 4) to base 14.
-d0
What is 63 (base 16) in base 12?
83
Convert -1010 (base 4) to base 9.
-75
Convert 0 (base 3) to base 14.
0
23 (base 4) to base 2
1011
Convert -21 (base 6) to base 9.
-14
What is 450 (base 7) in base 8?
347
Convert -3 (base 11) to base 16.
-3
What is -5 (base 8) in base 3?
-12
What is 39 (base 16) in base 11?
52
Convert 2 (base 6) to base 3.
2
What is 20 (base 6) in base 5?
22
What is -a8 (base 16) in base 3?
-20020
20 (base 8) to base 11
15
53 (base 13) to base 9
75
-1 (base 3) to base 2
-1
Convert -22 (base 3) to base 6.
-12
Convert -6 (base 13) to base 10.
-6
-10300 (base 4) to base 12
-214
Convert 4 (base 5) to base 13.
4
What is b (base 12) in base 16?
b
Convert -2120 (base 3) to base 13.
-54
Convert -40 (base 11) to base 12.
-38
215 (base 12) to base 9
368
-11 (base 6) to base 13
-7
Convert 0 (base 11) to base 14.
0
Convert -14 (base 7) to base 5.
-21
Convert 18 (base 15) to base 9.
25
150 (base 13) to base 10
234
Convert 39 (base 12) to base 7.
63
Convert 132 (base 4) to base 7.
42
Convert -14 (base 9) to base 3.
-111
50 (base 9) to base 4
231
Convert -3 (base 11) to base 14.
-3
-1100 (base 2) to base 8
-14
What is 9 (base 16) in base 9?
10
What is 3 (base 11) in base 2?
11
3 (base 6) to base 5
3
-121 (base 3) to base 2
-10000
Convert 212 (base 3) to base 14.
19
What is -150 (base 8) in base 13?
-80
Convert -25 (base 13) to base 7.
-43
Convert -10 (base 3) to base 7.
-3
Convert 302 (base 7) to base 6.
405
What is 35 (base 11) in base 14?
2a
Convert 0 (base 8) to base 6.
0
Convert -3 (base 12) to base 7.
-3
-140 (base 6) to base 7
-114
-96 (base 14) to base 2
-10000100
0 (base 13) to base 5
0
What is 130 (base 6) in base 3?
2000
Convert 4 